
Let m be (-2)/(24/(-243)) - (-4)/(-16). Let r be -337 + (6/15 - 48/m). Is 1 - (2 + 3) - r a composite number?
True
Let o = 1209 - -12716. Let y = -6718 + o. Is y prime?
True
Let c be 4 + (-21973)/(-42) + 2/(-12). Suppose 6*i - i - 5480 = 0. Suppose z - c = i. Is z composite?
True
Let h(o) = -7 - 8 + 40 - 1230*o - 136*o. Is h(-7) a prime number?
True
Suppose -100*f + 40474 = b - 105*f, -b - f + 40456 = 0. Is b prime?
True
Suppose y = -p - 12696, -9*y + 5*p = -6*y + 38056. Let f = y + 21325. Is f prime?
False
Let l = -24 - -22. Let j be 3*1*(-2)/l. Suppose j*d + 5*i = 2*d - 9, -2*d + 5*i = -42. Is d composite?
False
Let p = 8477 + 8624. Suppose -9*b + 51220 = p. Is b prime?
False
Let t(s) = 9940*s**3 + 4*s**2 - 114*s + 223. Is t(2) prime?
True
Let f be 8/(-40) + -1 + 137546/5. Suppose 5*u - f = -5488. Let r = 8041 - u. Is r a composite number?
False
Let v be -1*4/(-10) - (-177)/295. Is (-3226)/(-1) - (v/(-1))/1 prime?
False
Suppose 0 = 5*d - 7736 - 2134. Let h = 3755 - d. Is h a prime number?
False
Let p = -90 - -95. Suppose -2*k + 8062 = p*o + 1102, -5*o = 4*k - 6970. Suppose -i - 9*i + o = 0. Is i prime?
True
Let f(s) be the first derivative of 12*s**3 - 3*s**2/2 + 4*s + 5. Suppose -23 = -4*h + 3*p, -13*h + 10*h = 2*p - 13. Is f(h) a composite number?
True
Is (75436*7/112)/((-5)/20*-1) prime?
True
Suppose -4*b + l + 8 = 0, 13 = 3*b - 3*l - 2. Let d be ((-8)/(-16))/((b/10)/1). Let j(y) = 515*y + 34. Is j(d) a composite number?
False
Let i = 1168842 - 381719. Is i a composite number?
False
Suppose 0 = 7*w - 6*w - 16. Let g be w/(-20) - (-14)/5. Suppose g = -0*q - q, 0 = v - 2*q - 747. Is v prime?
True
Let b(m) = -316*m - 25. Let s(o) = -105*o - 8. Let p(f) = 6*b(f) - 17*s(f). Let h be p(4). Let u = -301 - h. Is u composite?
False
Is (-2)/((4 - (-85)/(-20))*216/720063) a composite number?
False
Let s be (-2)/(-4)*(-2 - -46390). Let h = s - 12156. Is h prime?
False
Let x(v) = -v**3 - 42*v**2 - 133*v - 243. Is x(-39) a composite number?
True
Let g(l) = 7017*l**2 + 636*l + 3851. Is g(-6) a composite number?
True
Let m be ((-48)/18 - -3)*0. Suppose m = -17*s + 4328 + 20645. Is s composite?
True
Suppose 68*w - 100853 + 13000 - 7143 = 0. Is w composite?
True
Suppose -1468*q - 14110 = -1478*q. Is q composite?
True
Let k = 33 - 29. Suppose -8*t - k = 4. Is -3 + 2 + (t - -1 - -264) a prime number?
True
Let q = -3307 + 6793. Let a be 2/(-17) - (-158788)/68. Let m = q - a. Is m prime?
True
Let x be -5*28147/(-35)*-1. Let o = x - -18218. Is o a composite number?
False
Suppose 5*m - 16011 = -5*h - 696, 3*h + 12238 = 4*m. Is m*5/15*3 a prime number?
True
Suppose -12*u + 506942 = 3*u - 612553. Is u a prime number?
False
Suppose s + 109 = 131. Suppose -s*u = 6*u - 178892. Is u a composite number?
False
Let g(b) = b**2 - 2*b - 2. Suppose 2*q + 0*q + 68 = 0. Let j = -20 - q. Is g(j) composite?
True
Let h(s) = 2339*s - 2. Let k(f) = 2336*f - 3. Let g(w) = -6*h(w) + 5*k(w). Is g(-4) composite?
False
Let l(c) = c - 4. Let w(j) = -2637*j + 41. Let o(t) = 5*l(t) + w(t). Is o(-1) a composite number?
True
Let k = -2785 - -881. Let l = 5311 + k. Is l prime?
True
Let j(z) = z + 2. Let h be j(-9). Let y be 306/(-4) - h/14. Let c = 281 + y. Is c a composite number?
True
Let s = 25 - 17. Let j(x) = -x + 2. Let q(n) = -124*n + 7. Let z(u) = 24*j(u) - 3*q(u). Is z(s) composite?
True
Let p = 857 - 1112. Let y(s) = 42*s - 16. Let a be y(11). Let u = a + p. Is u a composite number?
False
Suppose -11 = -t - 2*s, -13 = 2*t - 4*t + 5*s. Suppose t - 1 = 2*v. Suppose -h + v*f = 2*h - 253, -4*f - 166 = -2*h. Is h a prime number?
False
Let m(v) = 5841*v**2 - 30*v - 17. Let u(l) = -2920*l**2 + 16*l + 9. Let f(w) = 4*m(w) + 7*u(w). Is f(-1) a composite number?
False
Let j be -5*(-4 + 2)/2. Suppose -3*v + 5 = 5*h, -j*v + 4*v = -4*h + 4. Is 1050 - 1 - (-6 + (6 - v)) composite?
False
Let d = 79626 + -42887. Is d prime?
True
Let o be 5*((-10)/(-5) - 1). Suppose 100600 = 23*l - 10720. Suppose -o*m + l = k - 2835, 5*m - 5*k - 7675 = 0. Is m prime?
False
Suppose 37*w + 5*w = -438438. Let v = w - -14920. Is v prime?
True
Suppose 4*q + 24 = 10*q. Suppose -9 = -n + q*n. Is (0 + n - -4) + 2178 a prime number?
True
Let v = 149763 - 15094. Is v prime?
True
Let n(z) = -6*z**2 + 22*z - 23. Let s(t) = -7*t**2 + 23*t - 24. Let w(m) = 6*n(m) - 5*s(m). Let o be w(16). Is 138 + (1/(-1) - o) composite?
False
Let u(o) = 6*o**3 - 24*o**2 + 248*o + 19. Is u(24) prime?
False
Let j(f) be the first derivative of 226*f**3/3 - 4*f**2 + 13*f + 182. Is j(5) a prime number?
True
Let u(m) = 87*m**2 - 9*m - 2. Let g(t) be the first derivative of 58*t**3 - 9*t**2 - 3*t + 19. Let f(p) = -3*g(p) + 7*u(p). Is f(3) composite?
False
Let d = 41187 + -2150. Is d a prime number?
False
Let r(g) = -2835*g + 1238. Is r(-19) prime?
True
Suppose 485310 - 15494 = 204*n - 313340. Is n composite?
True
Let g be (-1314)/(-90) - (-24)/(-15). Is (-1 - -2)/(g/194597) a composite number?
False
Suppose -2*n - 69 = -0*s - 5*s, s - 4*n - 3 = 0. Let b = s + -20. Is (b/2)/(2/(-124)) composite?
True
Let t = 85440 - 60221. Is t composite?
False
Let w = 158 - 155. Suppose 5*v - 259 = w*b, -4*v - 5*b + 275 = v. Is v prime?
True
Suppose 9 = 20*g - 171. Suppose g*u - 37*u + 139468 = 0. Is u a prime number?
False
Let l(j) = 45*j**2 + 8*j - 66. Is l(23) composite?
True
Let p be 1*(4 + (-9)/(-1)). Let i(k) be the first derivative of k**4/2 - 17*k**3/3 - 2*k**2 - 4*k - 91. Is i(p) a composite number?
True
Let g = 365 - 357. Suppose -i - 4*r + 8577 = 0, -g*r + 3*r = -5. Is i composite?
False
Suppose -2*b + 4*c = -70, -3*b + 2*b + 21 = 5*c. Let d = b - 28. Suppose -f - r + 2511 = r, 0 = -d*f + r + 7505. Is f a composite number?
False
Let z = -115 - -236. Suppose -n = -2*u - 0*n + z, 0 = 2*u + 5*n - 103. Is u a composite number?
False
Suppose -29*a + 910269 = -240364. Is a prime?
False
Let k be (427 - 46) + (2 - -4). Let a = 1460 - k. Is a a prime number?
False
Let v = -185 - -215. Suppose -v*i = -35*i + 44755. Is i composite?
False
Suppose 4*z - 3*z = -18. Let r(k) = 17 - 13 - k + 6*k**2 + 6*k. Is r(z) a prime number?
False
Let h be -3 - -3 - (-1 - 3 - -1009). Let x = 1246 - h. Is x composite?
False
Let a(o) = 2*o**2 + 8*o + 58. Let l be a(-28). Let u = l + 5001. Is u prime?
False
Suppose 1053 = 3*d - 3*g, -g - 1029 = -3*d - 6*g. Let u(l) = 14*l**2 + 1. Let a be u(-3). Let v = d - a. Is v prime?
False
Suppose -5*w - 2*v + 1436749 = 0, -2*w = 4*v - 28995 - 545727. Is w a composite number?
False
Let w = -754 - -746. Is ((-3)/12)/((-345761)/43220 - w) composite?
True
Let r(s) = s**3 + 20*s**2 - 30*s + 28. Let h be r(-21). Let b = h - -1036. Is b composite?
True
Let r(n) = -2*n + 4. Let l be r(2). Suppose 7*h - 32 - 17 = l. Let o(w) = 2*w**3 - 4*w**2 - 9*w + 16. Is o(h) prime?
True
Let j be 1/((-274752)/(-274728) - (-2 - -3)). Suppose 3*d - 2*l - 9422 = j, -5*l = d - 6979. Is d a composite number?
False
Let r = 173 - 166. Suppose -29*b + r*b = -220154. Is b prime?
True
Let v(i) = 5*i**2 - 208*i - 40. Let p be v(37). Suppose h = 2*g + 2238, -4*g + 8988 = 4*h - 3*g. Let o = p + h. Is o a composite number?
True
Let i(w) = 8*w - 20. Suppose -9*v + 23 = -4. Let m be i(v). Suppose 268 = m*r - 4*l, -46 - 275 = -5*r - 2*l. Is r a prime number?
False
Let n(p) = 2*p**3 - 8*p**2 + 3*p - 10. Let y be n(4). Suppose -8*w + 12177 = -3*w + 2*l, 5*l - 4854 = -y*w. Is w a composite number?
False
Suppose -12*q + 12798 = -6*q. Suppose -4*n - 2*d = -8392, -n - 2*d - 38 = -q. Is n prime?
True
Let z = 4128 + -6271. Let m = z - -4476. Is m a composite number?
False
Suppose 0 = 418*h + 86803 - 1913737 - 1708928. Is h prime?
False
Suppose 150 = 3*o + 5*d, 0 = -o + 5*d - 0*d + 50. Let z = o + -46. Suppose -2*r + 1004 = 4*w, 4*w = -z*r + 1326 - 322. Is w composite?
False
Let r(h) = -4*h**2 + 93 + 11*h + 37*h**2 + h**3 - 75. Let f be r(-23). Let v = f + -2838. Is v a prime number?
False
Let q be (-172960)/(-2)*10/20. Suppose 0 = -9*p + 67847 + q. Is p a prime number?
True
Let z(v) be the second derivative of v**6/45 - v**5/30 - v**4/12 + 5*v**3/2 - 27*v. Let p(u) be the second derivative of z(u). Is p(6) composite?
True
Suppose 5*n + 7 = f, 5*f + 2*n + 0*n - 8 = 0. Suppose -6857 = -2*c - 3*j, 9067 = 5*c - f*j - 8104. Is c composite?
False
Let a(r) = -6271*r + 15818. Is a(-23) a composite 